d thousands digit of 73651669?
6
What is the hundreds digit of 2180720041?
0
What is the ten millions digit of 347530509?
4
What is the millions digit of 42531255?
2
What is the units digit of 271142796?
6
What is the thousands digit of 67504307?
4
What is the units digit of 254719443?
3
What is the millions digit of 1246222222?
6
What is the units digit of 68300171?
1
What is the thousands digit of 1026431238?
1
What is the millions digit of 367933017?
7
What is the ten thousands digit of 1609067027?
6
What is the hundred thousands digit of 94633800?
6
What is the hundred thousands digit of 215202248?
2
What is the hundred thousands digit of 180091653?
0
What is the ten thousands digit of 595136668?
3
What is the ten thousands digit of 3052555568?
5
What is the hundreds digit of 2342339082?
0
What is the hundreds digit of 2592785428?
4
What is the units digit of 219390718?
8
What is the millions digit of 1533469525?
3
What is the ten thousands digit of 3025408141?
0
What is the thousands digit of 126702685?
2
What is the billions digit of 1425039460?
1
What is the ten millions digit of 595077959?
9
What is the ten thousands digit of 29507900?
0
What is the millions digit of 80777935?
0
What is the units digit of 1280895580?
0
What is the units digit of 49027114?
4
What is the thousands digit of 39365019?
5
What is the millions digit of 7396254?
7
What is the tens digit of 2268869022?
2
What is the ten thousands digit of 27676295?
7
What is the hundred millions digit of 880528155?
8
What is the ten thousands digit of 594882052?
8
What is the ten millions digit of 469540571?
6
What is the ten millions digit of 40036693?
4
What is the ten millions digit of 491669029?
9
What is the hundreds digit of 12524603?
6
What is the hundred millions digit of 747238988?
7
What is the tens digit of 29985929?
2
What is the tens digit of 19528883?
8
What is the ten millions digit of 86471758?
8
What is the hundred thousands digit of 147310152?
3
What is the thousands digit of 25712024?
2
What is the thousands digit of 1975149270?
9
What is the thousands digit of 305082435?
2
What is the ten millions digit of 214481438?
1
What is the hundred millions digit of 135968298?
1
What is the hundred millions digit of 753703248?
7
What is the tens digit of 726656334?
3
What is the millions digit of 397698637?
7
What is the hundred millions digit of 239794649?
2
What is the units digit of 33524080?
0
What is the thousands digit of 1266057392?
7
What is the hundred millions digit of 539970926?
5
What is the billions digit of 2279007100?
2
What is the hundreds digit of 937248922?
9
What is the millions digit of 135764784?
5
What is the millions digit of 6392230886?
2
What is the units digit of 22546362?
2
What is the units digit of 70583000?
0
What is the hundred thousands digit of 256951337?
9
What is the units digit of 155681031?
1
What is the hundreds digit of 667003313?
3
What is the ten millions digit of 560273191?
6
What is the tens digit of 237252862?
6
What is the hundreds digit of 68030913?
9
What is the tens digit of 103144508?
0
What is the thousands digit of 1208146789?
6
What is the ten millions digit of 221522204?
2
What is the units digit of 167365678?
8
What is the hundred millions digit of 131795944?
1
What is the hundred millions digit of 380834563?
3
What is the units digit of 603761018?
8
What is the ten millions digit of 1886169521?
8
What is the millions digit of 143393851?
3
What is the hundred thousands digit of 773564163?
5
What is the hundred thousands digit of 321550875?
5
What is the hundreds digit of 60099860?
8
What is the millions digit of 678376898?
8
What is the millions digit of 2593920442?
3
What is the ten millions digit of 767157831?
6
What is the units digit of 1945311?
1
What is the millions digit of 36196934?
6
What is the millions digit of 84552387?
4
What is the ten thousands digit of 107391288?
9
What is the thousands digit of 116912713?
2
What is the ten millions digit of 49288453?
4
What is the ten millions digit of 36658526?
3
What is the hundred millions digit of 1342868400?
3
What is the thousands digit of 1490831151?
1
What is the thousands digit of 191652359?
2
What is the hundred thousands digit of 6474993971?
9
What is the ten thousands digit of 48411340?
1
What is the hundred millions digit of 147689563?
1
What is the ten millions digit of 113535199?
1
What is the ten thousands digit of 58683429?
8
What is the thousands digit of 20150325?
0
What is the units digit of 1240195089?
9
What is the units digit of 3852395492?
2
What is the millions digit of 39492136?
9
What is the ten thousands digit of 2686330277?
3
What is the units digit of 178398563?
3
What is the ten millions digit of 1797014039?
9
What is the hundred millions digit of 1474389332?
4
What is the units digit of 65880826?
6
What is the hundreds digit of 81839069?
0
What is the tens digit of 357170660?
6
What is the tens digit of 1119750248?
4
What is the thousands digit of 112919160?
9
What is the hundred millions digit of 5246904561?
2
What is the hundreds digit of 298087444?
4
What is the ten millions digit of 308353626?
0
What is the ten millions digit of 77153481?
7
What is the ten thousands digit of 3666194?
6
What is the millions digit of 1532287044?
2
What is the units digit of 718364755?
5
What is the ten millions digit of 53103614?
5
What is the hundred millions digit of 275567078?
2
What is the ten millions digit of 18493937?
1
What is the ten millions digit of 26905317?
2
What is the hundred millions digit of 396138518?
3
What is the millions digit of 6839518?
6
What is the thousands digit of 253314958?
4
What is the hundred millions digit of 1198521973?
1
What is the ten thousands digit of 35665723?
6
What is the ten millions digit of 2377080908?
7
What is the ten thousands digit of 189224884?
2
What is the thousands digit of 42949561?
9
What is the millions digit of 19770283?
9
What is the hundreds digit of 380306745?
7
What is the hundred millions digit of 338424466?
3
What is the hundreds digit of 1244083583?
5
What is the millions digit of 49261521?
9
What is the thousands digit of 58769997?
9
What is the billions digit of 1805242431?
1
What is the millions digit of 1380399575?
0
What is the hundred millions digit of 202388774?
2
What is the ten thousands digit of 2002968715?
6
What is the thousands digit of 287033391?
3
What is the hundred millions digit of 522369622?
5
What is the millions digit of 1183601?
1
What is the hundred thousands digit of 84872715?
8
What is the millions digit of 66764637?
6
What is the millions digit of 606328130?
6
What is the units digit of 36851194?
4
What is the thousands digit of 35910983?
0
What is the hundred millions digit of 551248771?
5
What is the tens digit of 3025360?
6
What is the billions digit of 1323306647?
1
What is the ten thousands digit of 125738807?
3
What is the millions digit of 908278456?
8
What is the hundred thousands digit of 3051449610?
4
What is the ten millions digit of 59725944?
5
What is the tens digit of 28356219?
1
What is the ten thousands digit of 8493889?
9
What is the ten thousands digit of 367276272?
7
What is the hundred thousands digit of 32741302?
7
What is the ten millions digit of 78893541?
7
What is the millions digit of 177855620?
7
What is the tens digit of 329889181?
8
What is the units digit of 247401547?
7
What is the hundreds digit of 59227347?
3
What is the thousands digit of 633894998?
4
What is the hundreds digit of 375441155?
1
What is the ten thousands digit of 20980781?
8
What is the millions digit of 3705568168?
5
What is the tens digit of 2216797152?
5
What is the ten thousands digit of 1878534114?
3
What is the ten thousands digit of 457605195?
0
What is the thousands digit of 195496413?
6
What is the ten thousands digit of 271246321?
4
What is the hundred millions digit of 2111689305?
1
What is the hundreds digit of 66539430?
4
What is the hundred thousands digit of 10343100?
3
What is the tens digit of 112783101?
0
What is the ten thousands digit of 67795184?
9
What is the tens digit of 146067234?
3
What is the units digit of 44728976?
6
What is the billions digit of 2647649597?
2
What is the thousands digit of 26118626?
8
What is the hundreds digi